 270. What is the highest common factor of 37 and a?
37
Let r be 43 + (3 - (-6)/(-3)). Let d be (-3 + 1)*1/(-1). Suppose 6 = d*i - 2. Calculate the highest common factor of i and r.
4
Suppose 2*s + 2*p + 143 = 3*p, -374 = 5*s + 3*p. Let t = 128 + s. Calculate the highest common factor of 5 and t.
5
Let b be (0 + 2)/(4/(-6)). Let n be 1 + 8 + -3 + 1. Let z = b + n. What is the highest common factor of 8 and z?
4
Suppose -2*t + 7*a - 2*a = 21, -5*a = -5*t - 15. Calculate the greatest common divisor of t and 10.
2
Suppose -5 - 28 = -l. Calculate the greatest common divisor of 3 and l.
3
Let k(g) = g**2 - 7*g - 22. Let v be k(10). Calculate the greatest common divisor of 12 and v.
4
Suppose -4*g + 2*n = -22, -6 + 16 = 3*g + 5*n. Let a be (-2)/4*(-5 - g). What is the highest common divisor of 25 and a?
5
Let p = -46 + 68. Let c = 570 - 394. Calculate the greatest common divisor of p and c.
22
Suppose q - 109 = -2*v - 4*q, -4*v + 163 = -q. Calculate the highest common factor of v and 14.
14
Let z = -25 + 153. Calculate the highest common divisor of 16 and z.
16
Let s = -179 + 296. Let r = 9 - 20. Let f = 2 - r. Calculate the greatest common factor of f and s.
13
Suppose 5*v - 48 - 172 = 0. Let t(l) = -54*l + 2. Let u be t(-2). Calculate the greatest common divisor of u and v.
22
Let v be (-150)/45*18/(-10). Calculate the highest common factor of 6 and v.
6
Let v = -20 - -28. Let i(j) be the second derivative of 9*j**3/2 + j**2 + j. Let b be i(2). Calculate the greatest common factor of v and b.
8
Let t(m) = -m**3 + m**2 + 3*m. Let z be t(-3). What is the highest common divisor of z and 3?
3
Let y = -71 + 123. Let i be 4/6*3*1. Suppose i*c + 5*s = 41, s + y = 3*c - s. Calculate the greatest common factor of 126 and c.
18
Let i = -47 + 90. Let g = i - -2. Suppose 2 = -4*k + 22. What is the highest common divisor of k and g?
5
Let y(n) = -n**3 + 3*n**2 + 6*n - 5. Let g be y(4). What is the highest common factor of g and 48?
3
Suppose -3*h + 5*h = 14. What is the greatest common divisor of h and 21?
7
Let w = -5 - -39. Let r = -20 + w. Calculate the greatest common divisor of r and 2.
2
Let l be 21 + -10 + -1*3. Calculate the highest common divisor of l and 56.
8
Suppose 7*l - 2*l - 375 = 0. What is the highest common divisor of l and 25?
25
Let r(o) be the second derivative of 7/6*o**3 - 3/2*o**2 + 0 - 1/12*o**4 - o. Let c be r(3). Calculate the greatest common divisor of c and 99.
9
Let r = 58 - 42. What is the highest common factor of r and 4?
4
Let y = 31 - 17. Let i be 346/10 + (-10)/(-25). Calculate the greatest common factor of y and i.
7
Suppose -24 = -5*c + c. Let t be (111 - 3)*8/c. What is the highest common divisor of 18 and t?
18
Suppose -5*m = -4*c + 25 + 32, -5*m = 4*c - 7. Calculate the greatest common factor of 56 and c.
8
Let r = 35 - 19. Let o = 181 - 53. Calculate the highest common factor of r and o.
16
Let u be 10/6 + 4/(-6). Let r be (u - 2) + (89 - -2). What is the highest common divisor of r and 18?
18
Let i(m) = m**3 - m**2 - m. Let y be i(0). Suppose 0 = -2*o + 5*q - q + 4, 0 = -5*q. Suppose 0*d + d - o = y. Calculate the highest common divisor of 4 and d.
2
Suppose 0*m - 3*m - 4*z + 176 = 0, -3*z = -6. Calculate the greatest common factor of m and 8.
8
Let o = 104 + -25. Let m = o - 35. Let v be (-10)/((-2)/2) + 1. What is the greatest common divisor of v and m?
11
Let s be (-11)/(-2) - (-1)/(-2). Suppose j + 532 = s*j. Calculate the highest common divisor of 19 and j.
19
Suppose -6 = 3*v - 63. Suppose 2*t = p + 6*t + 12, -3 = -5*p + t. Suppose -5*o + 63 = 2*i, 5*i = 3*o - p + 80. Calculate the highest common divisor of i and v.
19
Suppose -2*k + 2*y - 70 = 26, 0 = 3*k + y + 144. Let d = -17 - k. What is the greatest common divisor of 248 and d?
31
Suppose 2*r - 34 - 6 = 0. Calculate the greatest common factor of r and 100.
20
Let n(p) be the first derivative of 3*p**2/2 + 2*p + 3. Let m be n(8). Calculate the greatest common divisor of m and 234.
26
Let p(y) = 6*y - 1. Let j be p(1). Suppose j*f = -2*d + 34, -5*d + 0*f - 2*f = -85. What is the greatest common factor of 153 and d?
17
Let p = 9 - 7. Suppose 0*l - 252 = -p*l - x, 3*l = 4*x + 400. What is the highest common factor of 16 and l?
16
Let o(u) = -6*u + 6. Let p be o(-4). What is the highest common factor of p and 10?
10
Suppose -f - 2*f = -150. Let l be (-4)/18 - 1456/(-72). Calculate the greatest common divisor of f and l.
10
Let q(x) = 2 + 3*x + 0*x**2 - 3*x - x**2 + 4*x**3. Let i be q(2). What is the greatest common divisor of 45 and i?
15
Suppose -2*r = 2*k - 3*r, 0 = 2*k + 5*r. Suppose k = -5*x - 0*x + 60. Calculate the highest common divisor of x and 3.
3
Let b = 10 + -11. Let g be (-25)/(-4) + b/4. What is the greatest common divisor of g and 4?
2
Let o = -43 - -29. Let u be (15/6)/(-5)*o. Calculate the highest common factor of u and 77.
7
Suppose -2*f - 3 = -3*f. Let q be 0 + f + 18/2. Calculate the greatest common divisor of q and 60.
12
Let f = 341 + -143. Suppose -3*l - 69 = -3*q, -l + 40 = 2*q + 3*l. Calculate the greatest common divisor of f and q.
22
Let w(z) = 2*z**2 + 7*z + 4. Let c be w(-4). Let n be 80/(-5)*22/(-4). What is the highest common divisor of n and c?
8
Suppose s + 4*x = 103, 2*s + 3*x + 96 = 3*s. Let w = s - -11. What is the greatest common divisor of 10 and w?
10
Let q = 15 - 11. Suppose -q*p = -17 + 5. What is the greatest common divisor of 33 and p?
3
Suppose 207 = 2*l - 229. Suppose 0 = -5*g - j - 833, -4*j - 126 - l = 2*g. Let x be g/(-7) + (-14)/(-49). Calculate the highest common divisor of x and 12.
12
Let d = -219 + 336. Let y = 9 - 15. Let s be 11 - 3*4/y. What is the highest common divisor of s and d?
13
Suppose 5 = t - 15. Suppose -142 = -5*q - 0*q + 2*a, -2*q + 2*a = -52. Calculate the greatest common divisor of q and t.
10
Let i be 4 - 0 - (-15 + -58). What is the greatest common divisor of 7 and i?
7
Let v = 6 - -9. Let f be ((-3)/5)/((-1)/10). Calculate the greatest common divisor of v and f.
3
Suppose -4*v = 5*n - 278, -3*n + 167 = 4*v - 3. Let c be 3*n + 8 + -8. Calculate the greatest common divisor of c and 18.
18
Suppose -3*n + 38 = 4*y - 3, -2*y = 4*n - 38. What is the greatest common factor of n and 63?
7
Let x be 2/1*(61 + 4 + -5). Calculate the greatest common factor of x and 24.
24
Let k be (-9 - -7)/((-9)/(-5) + -2). What is the greatest common factor of k and 80?
10
Suppose 5*p = 20 + 30. Let c = 2 + p. Calculate the highest common divisor of 60 and c.
12
Let q = 11 - 4. Let p = 6 + -3. Let i = q - p. What is the highest common divisor of 16 and i?
4
Suppose -3*g = -7*g + 2*k + 26, 5*g - 35 = 5*k. Let r be (-7)/(-3) + (-2)/g. Let h = -5 + 13. Calculate the highest common factor of r and h.
2
Let s(q) = -q + 7. Let n be s(0). Calculate the highest common divisor of 49 and n.
7
Suppose -h + 17 = 4*f, 5*f - 19 = h - 0*f. Calculate the greatest common divisor of 13 and h.
1
Suppose -y - 11 = -3*y - 5*u, -4*u + 13 = 3*y. Suppose 3*h = 2*h + 5. Suppose y*j + 102 = h*j. Calculate the highest common factor of 17 and j.
17
Let t be (6 - 5)/((-1)/(-2)) - -251. What is the highest common factor of 23 and t?
23
Suppose -2*v + c = -v - 8, 2 = -c. Let p(l) = 2*l + 4. Let d be p(-4). Let w = 7 + d. Calculate the highest common factor of w and v.
3
Let w = 36 + -22. Suppose 0 = -n - 5*c + 146, 4*n - c + 0*c = 500. Calculate the highest common divisor of n and w.
14
Let t(d) = 2*d**2 - 10. Let z be t(-5). Let w = z + -10. Calculate the greatest common factor of 12 and w.
6
Let i(u) = 4*u - 2. Let p be i(4). Let s = -2 + 4. Suppose s*r - 194 = -3*r + 4*c, 4*c = -r + 58. Calculate the highest common divisor of p and r.
14
Suppose -4*i = -2*i - n - 37, -3*i + n = -55. Calculate the greatest common factor of 12 and i.
6
Let t(w) = w + 8. Let k be t(-7). Let o be 4/(-8)*(-17 + k). Let v be 56/(2 + -3 + 2). Calculate the highest common divisor of v and o.
8
Let g be (-3 - 0)*-1 + 2. Let x(n) = n**2 - 3*n + 3. Let v be x(6). Suppose 5*z = v + 29. What is the highest common divisor of z and g?
5
Let m = -51 - -57. What is the greatest common divisor of m and 48?
6
Let n(f) = 37 + f - 3 + 6. Let g be n(0). Calculate the highest common factor of 100 and g.
20
Let x be 10/(3 - 5/2). Suppose -k + 2*y - 3 = -y, 4*k - 4*y - x = 0. What 